y 13?
11
Let j(z) be the first derivative of z**3/3 + z**2/2 - 2. Let s be (-46)/(-14) - (-2)/(-7). Calculate the remainder when j(s) is divided by 7.
5
Suppose 6 = -20*f + 46. What is the remainder when 25 is divided by f?
1
Calculate the remainder when 946/16 - 1/8 is divided by 20.
19
Let c be -4*(-2 - (-1 - -1)). Suppose f - 6 - c = 0. Calculate the remainder when 25 is divided by f.
11
Suppose 0 = -l + j + 35, -5*l + 4*j + 61 = -111. Suppose 0 = -f - i + 14, 29 = -0*f + 4*f - 5*i. What is the remainder when l is divided by f?
10
Let v(w) = 22*w**2 + 1. Let h be v(-1). Suppose 0 = -3*r + y + 68 + h, y + 33 = r. What is the remainder when r is divided by 10?
9
Let o(m) = m**3 + 6*m**2 + 3*m + 5. Suppose -3*p + 2*p = -13. What is the remainder when o(-4) is divided by p?
12
Let q be (1 - 7)*4/(-6). Suppose -q*x = -9*x. Suppose x = 4*d + d - 85. Calculate the remainder when d is divided by 5.
2
Suppose 2*y + 8 = 0, 7*y + 2 = -2*l + 4*y. Suppose -l*k + 38 = 3*p + 1, p + 1 = k. Suppose 6 = b + p. Calculate the remainder when b is divided by 1.
0
Suppose -7*v + 50 = -5*v. What is the remainder when 73 is divided by v?
23
Suppose h + 2 = 9. Suppose h*u - 60 = -5*q + 3*u, q + 2 = 2*u. What is the remainder when 21 is divided by q?
5
Let p = 4 - 4. Suppose 5*y - m - 7 = p, -3*y = -2*y - 2*m - 5. Calculate the remainder when 1 is divided by y.
0
Suppose -6*u + 490 = -278. Calculate the remainder when u is divided by 44.
40
Suppose -3*m = -4*m + 5. Suppose m*c - 2 = 138. What is the remainder when c is divided by 15?
13
Let n(u) = -u**3 - 2*u**2 - 2. Let j(w) = w**3 + 7*w**2 + 4*w - 8. Let i be -1*5 - (0 + 1). What is the remainder when n(-3) is divided by j(i)?
3
Let w(j) be the second derivative of j**5/5 - j**4/6 + j**3/3 - j**2 - 4*j. Let c be w(2). Let k = c + -14. Calculate the remainder when 22 is divided by k.
10
Let x = -11 - -3. Suppose 5*g + 14 = -11. Let o = g - x. What is the remainder when 5 is divided by o?
2
Let p(t) = -5*t**2 + t. Let s(n) = -n**2 + n - 1. Let j(c) = -p(c) + 2*s(c). Suppose 4*m - 28 - 28 = 0. Calculate the remainder when m is divided by j(-2).
6
Let i be 1*(2 - (-2 - -1)). Suppose -15 = -i*v + 3*q, -5*q - 3 = -v + 6. Suppose -c + 4 + v = 0. Calculate the remainder when 22 is divided by c.
6
Let w(p) = 4*p - 2. What is the remainder when w(4) is divided by 40/(-30)*(-15)/4?
4
Suppose 3*o - 1 = -4, 3*o - 21 = -p. Suppose -k - 4*k - p = -z, -3*z + 12 = 0. Let a = k + 6. Calculate the remainder when 3 is divided by a.
1
Suppose 28*y = 31*y - 3. What is the remainder when 4 is divided by y?
0
Let g be ((-6)/1)/(0 + -2). Let s = 4 - g. Calculate the remainder when 29 is divided by 3 + -3 - (-10)/s.
9
What is the remainder when 13 + 1 - (5 - 4) is divided by 5?
3
Suppose -7*j + 2*j - 23 = -4*d, d + 4*j = 11. Let i = -35 - -55. Calculate the remainder when i is divided by d.
6
Let w = 70 + -35. What is the remainder when 1337/w + (-2)/10 is divided by 20?
18
Suppose -2*w + 3*o + 222 = 0, 0 = -o - 2. Calculate the remainder when w is divided by 37.
34
Suppose 0 = 6*q - 3*q - 24. What is the remainder when 21 is divided by q?
5
Let x(o) be the second derivative of o**3/2 + o**2/2 - 3*o. Let q = 39 + -20. Calculate the remainder when q is divided by x(2).
5
Let p(k) = -3*k + 7. Calculate the remainder when 22 is divided by p(-2).
9
Let d = 8 - -50. Calculate the remainder when d is divided by 10.
8
Let s(b) = b**3 + b**2 - 8*b + 7. What is the remainder when 16 is divided by s(2)?
1
Let o(g) = -g + 52. Let u be o(0). Let x = u - 30. Calculate the remainder when x is divided by 8.
6
Suppose -3*u = u. Suppose -b + 11 = -2*l + 40, u = -4*l - 2*b + 62. Suppose -m - 116 = -5*m. What is the remainder when m is divided by l?
14
Let r be (-8)/6*(-30)/20. Let g = 4 - r. What is the remainder when 4 is divided by g?
0
Suppose 5*s + 11 = 51. Calculate the remainder when s is divided by 3.
2
Let l = 3 - 4. Let j(o) = -23*o. What is the remainder when j(l) is divided by 12?
11
Let b(q) = 0 - 3*q**3 + 0 + 3*q + 2*q**3. What is the remainder when b(-4) is divided by 27?
25
Calculate the remainder when (9 - 1 - 4) + 65 is divided by 12.
9
Let m = -10 - -15. Suppose -m*w - 5 + 35 = 0. Calculate the remainder when 17 is divided by w.
5
Let s(c) = -c + 20. Suppose 2*o - 4 = 0, l + 2*o = 4*l - 11. Suppose 3*n + 66 = l*p + 8, -3*n - 3 = 0. Calculate the remainder when s(0) is divided by p.
9
Suppose 2*f - 67 = 281. Suppose 0 = -2*j + f - 42. What is the remainder when j is divided by 17?
15
Suppose 5*w - 4 - 81 = -5*j, -2*w = -6. Calculate the remainder when 41 is divided by j.
13
Let x(t) = -t**2 - t + 20*t**3 + 2*t**2 + 2*t - 1. What is the remainder when x(1) is divided by 12?
9
Suppose 3*b - 234 = -0*b. Suppose -5*y - 13 = -b. What is the remainder when 24 is divided by y?
11
Let a be (-2)/(-8) - (-124)/16. Suppose -3*k = -2*k - a. Let h(i) = 2*i**2 + 5*i - 4. Calculate the remainder when h(3) is divided by k.
5
Let o(i) = i**3 - 2*i + 3. Calculate the remainder when 282/30 - -4 - (-2)/(-5) is divided by o(2).
6
Calculate the remainder when 116 is divided by ((-31)/(-2 + 3))/(-1 - 0).
23
Suppose 0 = -0*m + 2*m + 28. Let s = -1 - m. What is the remainder when 24 is divided by s?
11
Let f(v) = v**3 + 4*v**2 - 4*v + 3. Let x be f(-5). Let g(z) = 2*z**2 + z - 2. What is the remainder when (342/9)/((-2)/x) is divided by g(-3)?
12
Suppose -o + 72 = -47. Suppose -3*v + o = 44. What is the remainder when v is divided by 13?
12
Let g(o) = 7*o - 4. Let k be g(2). Let r = k + 6. Calculate the remainder when r is divided by 5.
1
Let b(c) = -c**2 + 12*c + 1. What is the remainder when b(9) is divided by 9?
1
Suppose 0 = 7*p - 189 + 42. Let s = -116 + 220. What is the remainder when s is divided by p?
20
Suppose -j - 1 = -z + 1, 4*j - 4 = -2*z. Let q = -2 + 4. Calculate the remainder when z is divided by q.
0
Let v = 9 - 5. Let r be ((-1)/(-2))/(1/(-12)). What is the remainder when 3/(0 + r/(-20)) is divided by v?
2
Let g = -10 + 17. Suppose 35 = 3*w + 2*w. What is the remainder when g is divided by 19/7 - (-2)/w?
1
Let n be 3/(2 + (-194)/100). Suppose -u = 4*u - n. What is the remainder when 48 is divided by u?
8
Suppose -3*j + 0*j = 0. Suppose 0 = -4*s - j*s + 124. What is the remainder when s is divided by 8?
7
Suppose 2 = -3*k - 1. Let p = 8 - k. What is the remainder when 25 is divided by p?
7
Suppose -9 = -f - 2*u + u, -49 = -5*f - u. Calculate the remainder when ((-20)/f)/(4/(-30)) is divided by 6.
3
Let o = -24 + 52. What is the remainder when 84 + (6/(-3) - 1) is divided by o?
25
Suppose 0 = t + 1 - 5. What is the remainder when 4/6 - (-56)/6 is divided by t?
2
Suppose 3*p + 1 = 10. Suppose -8*q + p*q = 4*m - 44, 0 = 2*q - 3*m - 36. Calculate the remainder when 17 is divided by q.
5
Let d = -23 + 36. Let u be 54/d - (-6)/(-39). Suppose 0 = u*p - 257 + 69. What is the remainder when p is divided by 12?
11
Let t be (2/(-1))/((-4)/42). Let i = t + -12. What is the remainder when i is divided by 3?
0
Let z = -32 - -55. What is the remainder when z is divided by 8?
7
Let h be (-1 + -8)/((-2)/(-4)). Suppose -w - 129 = -4*w. Let l = h + w. Calculate the remainder when l is divided by 9.
7
Let v = 24 + -8. Let h(a) = a + 1. What is the remainder when v is divided by h(5)?
4
Suppose 48 = 4*l - 4*n, -6*n - 30 = -2*l - n. What is the remainder when 27 is divided by l?
7
Suppose -3*l = -128 - 46. Let o = -3 + 18. What is the remainder when l is divided by o?
13
Let b be 7/3 + 2/3. Suppose -2*r + 4 = 8. Let a = b - r. What is the remainder when 8 is divided by a?
3
Let v(f) = f**3 - 2*f**2 - f + 2. Let w be v(3). Suppose -y + 8 = u - 0*y, w = -u + 3*y. Suppose u*m - 27 = m. What is the remainder when 16 is divided by m?
7
Let x = -29 - -41. Suppose -2 - 1 = -3*s. What is the remainder when x is divided by s/((2 - 3)/(-7))?
5
Suppose 0 = -3*i + 29 + 1. Calculate the remainder when i is divided by 4.
2
What is the remainder when 7 is divided by 10/25 + (-16)/(-10)?
1
What is the remainder when 1/(-2)*(-86 + -2) is divided by ((-4)/(-18))/(46/2484)?
8
Suppose 7*t - 10*t + 36 = 0. What is the remainder when 44 is divided by t?
8
Suppose 5*z - 154 = -6*z. Calculate the remainder when 55 is divided by z.
13
Let r(t) = 2*t**2 + 5*t + 1. Suppose -12 = p + 2*p. Calc